+ 8. Let j be r(i). Let h(g) = g**2 + g + 23. Calculate h(j).
23
Let y(d) = -d**3 + 6*d**2 - 8*d + 12. Suppose -4*m - 2*f = -18, -62*m - 29 = -67*m + 4*f. Calculate y(m).
-3
Let u(s) = -s**3 - 3*s**2 + 6*s + 6. Let n be u(-4). Let d(t) be the first derivative of 1/2*t**2 + 1/3*t**3 + t + 271. Give d(n).
3
Let p(t) = t**2 + 3*t - 4. Let w = 98 - 77. Suppose -79 = w*i - 121. Give p(i).
6
Let u(v) = -3*v**3 + 11*v**2 - 23*v + 42. Let n(j) = -10*j**3 + 33*j**2 - 68*j + 117. Let c(l) = 2*n(l) - 7*u(l). Calculate c(9).
3
Let a(y) = y**2 - 19*y - 65. Suppose 0 = 38*h + 19*h + 171. What is a(h)?
1
Let z(w) = w + 12. Let h = -283 - -264. Determine z(h).
-7
Let u(s) be the third derivative of -s**4/24 + s**3/2 + 2*s**2. Let g = 221 - 161. Suppose -3*h - g = -5*b + h, 0 = -3*b - 4*h + 4. Calculate u(b).
-5
Let y(r) = 15*r**2 + 11*r - 2. Let j(m) = 7*m**2 + 5*m - 1. Let p(a) = 13*j(a) - 6*y(a). Suppose k - 16 = -2*b - 2, -3 = -3*b + 3*k. Calculate p(b).
19
Suppose 16*r - 11*r + 180 = 0. Let s be (r/(-8))/((-3)/(-4)). Let k(x) = 2 - 2 - 6*x + x**2 - 2 + 0*x**2. Calculate k(s).
-2
Let v(b) be the third derivative of -17*b**4/12 + 2*b**3/3 + 1242*b**2. What is v(-3)?
106
Let j(m) = -6 - 7560*m + 7559*m - 28*m**3 + 30*m**3. Give j(3).
45
Let m = 16 - 9. Let r(w) be the third derivative of w**4/12 - 4*w**3/3 - 67*w**2 - 5. Calculate r(m).
6
Let c be (14/4 - (-1)/2) + 4. Let v(z) = -4*z**2 - 10*z**3 - c*z**2 + 7*z**2 - 6*z + 9*z**3 - 2. Calculate v(-4).
6
Let l(x) = 2 - 1 - 18507*x**2 + 18505*x**2 - 20*x. Determine l(-11).
-21
Let t(i) be the second derivative of i**5/20 + i**4/4 - 2*i**2 - 1420*i. Suppose -3*m - 1 - 5 = 0. What is t(m)?
0
Suppose 6 = 5*x - 14. Suppose -x*l - 3*u = 18, 0 = l + 2*l - 5*u - 1. Let m(z) = -z - 3*z**3 + 8 - 6 - 2*z**3 + 6*z**3 + 3*z**2. What is m(l)?
5
Let w(i) = 6*i + 186. Let c(n) = 4*n + 172. Let r(t) = 6*c(t) - 5*w(t). Calculate r(20).
-18
Let k(g) = 16*g**2 - 3*g - 12. Let r(p) = 4*p**2 - 2. Let t(z) = k(z) - 7*r(z). Let y be -2 - (-3 + 0) - -1. Determine t(y).
-52
Let z(v) = -v**2 - 37*v + 364. Let c be -13 - 1*(120/(-6) + -1). Determine z(c).
4
Let b = -38 - -48. Let f be 19 + -17 + b + 0/(-2). Suppose -14*a + f*a = 6. Let r(z) = -z**2 - 3*z + 2. Calculate r(a).
2
Let v(u) = 5*u**2 + 2*u + 1. Let b be 15 + 0 + 0 + 0. Suppose 0 = -3*g - b, w + 4*g + 10 = -9. Let k(q) = 3*q - 4. Let p be k(w). Determine v(p).
4
Let q(a) = 2*a - 2. Let w be (-18)/(-9)*-5*1/(-2). Suppose -5*v + 15 = -w*k, -11*v = -7*v + 5*k - 3. Determine q(v).
2
Let y(b) = b + 1. Let n be y(-4). Let h(l) be the first derivative of 31 + 1/3*l**3 + l**2 + 2*l. What is h(n)?
5
Let y(k) = 2*k + 1. Let w(p) = 2*p + 53. Let o = 211 + -241. Let h be w(o). What is y(h)?
-13
Let m be ((-57)/(-38))/((-2)/32). Let s = m + 30. Let o(h) = -6*h**2 - 1 + h - 8*h + 7*h**2. Calculate o(s).
-7
Let v(h) be the first derivative of -h**3/6 - 6*h**2 - 97*h - 108. Let c(d) be the first derivative of v(d). Give c(-7).
-5
Let x(b) be the first derivative of b + 1/3*b**3 + 30 - 4*b**2. Calculate x(8).
1
Let s(t) = t**2 + t - 7. Suppose 41*c + 4*c - 258 = -41*c. Determine s(c).
5
Let h(p) = p**2 + 17*p - 50. Let z(x) = x**3 - 40*x**2 - 65*x - 816. Let d be z(42). Give h(d).
-32
Let y(n) = -n**3 + n**2 - 3*n + 1. Let v(a) = 5*a**3 + 5*a**2 + 12*a. Let k(z) = v(z) + 4*y(z). Calculate k(-7).
102
Let t(v) be the second derivative of v**5/60 - v**4/4 - 223*v**3/6 + 203*v. Let g(f) be the second derivative of t(f). Calculate g(3).
0
Let z(k) = -5*k - 79. Let j(n) = 14*n + 228. Let i(b) = 4*j(b) + 11*z(b). Give i(-44).
-1
Let a(o) = -100*o**3 + 6*o**2 - 9*o + 4*o**2 - 86*o**3 - 22 - 2*o**2 + 187*o**3. Calculate a(-9).
-22
Let i(s) = 14*s**2 - 31*s + 32. Let g(k) be the first derivative of 5*k**3/3 - 5*k**2 + 11*k + 72. Let w(d) = 11*g(d) - 4*i(d). Give w(14).
-7
Let n(h) be the second derivative of -h**5/20 + h**4/4 + 4*h**3/3 - 5*h**2/2 - 1393*h. Calculate n(5).
-15
Let k(p) = 39 - 7 - 2*p**2 - p - 6 + 3*p**2 - 2*p**2. Calculate k(-9).
-46
Let y(r) = -2*r + 4. Let q = -22 - -25. Suppose 0 = -w - q*j + 19, 0 = j - 4*j + 15. Suppose -2*d + w = -n + 2, d = 2*n - 8. What is y(n)?
-8
Let l(c) = -145*c + 59*c + 92 + 81*c - 23. Determine l(11).
14
Suppose p - 5 + 5 = -78*p. Let k(o) = -1. Let w(c) = c + 9. Let d(r) = -k(r) - w(r). What is d(p)?
-8
Let u(h) = h**3 - 7*h**2 - h + 4. Suppose 0 = t + 4*c - 9, 4*c - 144 + 115 = -5*t. Give u(t).
-51
Suppose -5*i = -i + v - 49, 2*v + 1 = i. Let u(x) = 7*x - 69. What is u(i)?
8
Let z be ((-28)/(-12) - 3)*12. Let u(c) = -2*c**3 + 20*c**2 + 9*c + 1. Let h(r) = -3*r**3 + 31*r**2 + 13*r + 2. Let n(k) = z*u(k) + 5*h(k). What is n(6)?
-4
Suppose 200*f - 308*f - 1296 = 0. Let k(u) = 9*u + 32. Determine k(f).
-76
Let l(h) = 8*h - 2. Let j be (7 + 1)*1 + 1 - 11. Calculate l(j).
-18
Let q(g) = -16*g**2 - g - 1. Let a be q(-1). Let l = 18 + a. Let c(k) = k**l + 2 - 4*k - 2*k + 3*k. What is c(5)?
12
Suppose -582 = 469*g + 624 + 1139. Let p(w) = w**3 - 8*w**2. Let k(u) = -2*u**3 + 9*u**2 - u + 1. Let c(x) = -2*k(x) - 3*p(x). Determine c(g).
13
Let k(w) = -8*w**2 + 19*w + 11. Let u(h) = 3*h**2 - 6*h - 4. Let x = 388 - 377. Let s(i) = x*u(i) + 4*k(i). Calculate s(-8).
-16
Let u(l) be the first derivative of 3*l**3 - 3*l**2/2 + l - 1464. Let c(y) = y**2 + 9*y + 2. Let w be c(-9). Calculate u(w).
31
Let q(r) = -4*r + 36. Suppose 62 = 4*y + 2*i, -4*i = -5*y + 229 - 119. Give q(y).
-36
Let a(w) be the second derivative of -w**3/6 - 13*w**2 + 542*w. What is a(-19)?
-7
Let x = 366 - 363. Let a(l) = 390*l**x - 2*l - 195*l**3 - 194*l**3 + 3*l**2. Calculate a(-4).
-8
Let h(c) = -32*c + 2. Let q(g) = -25*g. Let v(t) = -h(t) + 2*q(t). Determine v(4).
-74
Suppose -267*b - 2*d = -271*b + 28, -3*d = 2*b - 6. Let q(n) = n**3 - 6*n**2 + 23*n - 135. Determine q(b).
3
Let g(o) = -3*o**2 + 40*o - 80. Let m(k) = -2*k**2 + 5*k + 749. Let l be m(-18). What is g(l)?
-3
Let x = 95 - 331. Let z = 240 + x. Let h(f) = -f + 9. Calculate h(z).
5
Let q(t) = 17 - 5*t + 13 + 3*t - 5. Let p be 0 - 33/((-45)/10 + 33/22). Determine q(p).
3
Let z be 12/18 + 26/6. Let t(h) = -10*h**2 + 14*h**2 + 19*h + 7 + 0*h**2. Let j(n) = n**2 + 6*n + 2. Let d(a) = -7*j(a) + 2*t(a). What is d(z)?
5
Let v(y) = -y**3 - 3*y**2 - 31*y - 221. Let u be v(-5). Let w(f) = -2*f - 4*f - 32 + 4*f. Let d be w(u). Let l(n) = n**2 + 17. Determine l(d).
17
Suppose 4*q = -3*k + 10 + 6, 4 = k + 2*q. Let j be (-4 + 2 + -1)/(12/k). Let y(d) = -3 + d**3 + 0*d - 6*d + 4*d**2 + 3*d. Determine y(j).
11
Let d(c) = -351 - 2*c**2 + 12*c + 12*c**2 + 346. Let s be d(-6). Let m(o) = -3 + 5 + o**3 - 280*o**2 + s*o**2 + 2*o. What is m(-2)?
2
Let r(i) be the third derivative of -5*i**2 - 4/3*i**3 + 1 - 1/24*i**4 + 0*i. Give r(6).
-14
Let r(m) = 635*m**2 - 31*m + 39. Let d(w) = -293*w**2 + 15*w - 19. Let s(j) = -13*d(j) - 6*r(j). What is s(-8)?
21
Let q(t) = -2*t**3 + t**2 + 12*t + 9. Let g be 1*(-2 + -9) - -9. What is q(g)?
5
Suppose -224 + 104 = -6*p. Let m(c) = c**2 - 22*c + 41. Determine m(p).
1
Let u = 1 + -1. Let q = u + 0. Let a(i) = 9641*i - 5. Let c(z) = -2515*z + 1. Let y(j) = -6*a(j) - 23*c(j). Calculate y(q).
7
Let f = 64 + -67. Let c(a) = a + a**3 + 3*a**2 - 9*a - 1 + 6*a. Give c(f).
5
Let r(b) = b**2 - 31*b + 227. Let y(g) = 4*g**2 - 133*g + 264. Let x be y(2). Determine r(x).
-11
Let m(h) be the third derivative of -3*h**5/20 - h**4/12 - h**3 - 4*h**2 + 17*h. Give m(-2).
-38
Suppose 7*i = 4*i + 33. Suppose -3*x = -9, 5*n = i*x - 9*x + 14. Let q(l) = 2*l**2 - 4*l - 8. What is q(n)?
8
Suppose 3*m = -0*m + 30. Let o(t) = -1034*t + 514*t + 12 - t**2 + 526*t. What is o(m)?
-28
Let h(x) = 19*x**2 + 5*x - 12. Let d(m) = -15*m**2 - 5*m + 11. Let g(r) = -6*d(r) - 5*h(r). What is g(2)?
-16
Let r(q) = -10*q + 24*q - 35 + 3*q - 19. Calculate r(3).
-3
Let s(p) be the first derivative of -9*p**2/2 + 20*p + 177. What is s(4)?
-16
Let t = -180 + 186. Suppose -t*v = 14 + 22. Let g(s) be the third derivative of s**4/12 + 3*s**3/2 - s**2. Give g(v).
-3
Let y(x) = -x**2 - 5*x + 2. Let f(p) = 290*p + 10. Let r be f(-7). Let i be (-2)/(-7) + r/(-35). Let c = i + -62. Give y(c).
6
Let s(p) = -2*p**2 - 3*p - 3. Let m(c) be the third derivative of c**5/60 - 9*c**3/2 - 559*c**2. Let v = -1 - -6. Let n be m(v). Determine s(n).
-5
Suppose -54*g - 4 + 138 = -514. 